 = -4*i - 19. Suppose 0 = -2*t + q*n + 2310, -3*n - 8789 = -5*t - 2976. Is t a prime number?
False
Suppose 1 = -t, 20*r + 58360 = 25*r - 5*t. Is r a composite number?
True
Suppose 3*m - 15778 = 2*q + 136253, 50680 = m - q. Is m composite?
False
Let g = 42 + -40. Suppose 8 = -2*d, 1 = -3*p - g*d + 5. Is ((-573)/6)/(0 + (-2)/p) composite?
False
Let y = 581 + 533. Is (y + 5 + -2)*1 a prime number?
True
Suppose 0 = -0*n - n - 2, 0 = -3*i + n + 2. Suppose 5*x - 4157 = -5*q + 1278, q - 3*x - 1087 = i. Is q composite?
False
Let b = 138691 - 292793. Is b/(-24) - (-1)/12 composite?
False
Let o(s) = 10257*s**2 - 14*s + 22. Let a be o(2). Suppose -5*k - 82317 = -2*t, 0 = -4*t + 2*k + 123620 + a. Is t a prime number?
True
Suppose 22*t - 25*t = -f - 15, 4*f + 15 = 3*t. Suppose f = z + 2*h - 1649 - 1860, 2*z + 5*h - 7017 = 0. Is z a composite number?
False
Let u(d) be the second derivative of 17/3*d**3 + 10*d + 0 + 1/2*d**2. Is u(2) composite?
True
Suppose -13*t - 53605 - 33625 = 0. Let i = t - -11571. Is i prime?
True
Suppose -7*u + 4509 = -330938. Is u composite?
True
Let p(f) = 7*f**2 + 4*f - 21. Let z(v) = v**2 + v - 1. Let l(y) = p(y) - 5*z(y). Let h be l(-3). Is h/25 - 16328/(-10) a composite number?
True
Let w(u) = 3*u - 21. Let p(j) = -j - 1. Let h(x) = -4*p(x) - w(x). Let d be h(-23). Is d*641 - 1/(1 - 2) a composite number?
False
Suppose -13 = 6*s - 31. Let o be s + 35/(-11) - 46/(-11). Suppose 11*v + o*v = 705. Is v prime?
True
Let a(n) = -66065*n - 1111. Is a(-16) prime?
False
Let j(n) = -2904*n - 85. Let d(b) = -2903*b - 83. Let g(q) = 6*d(q) - 5*j(q). Is g(-4) a prime number?
True
Let q = -64882 - -341951. Is q a prime number?
False
Suppose 3145 = 5*y + k, -2*y + 618 = -y - 2*k. Suppose y = 2*c - 1326. Let p = -490 + c. Is p prime?
True
Let z be 34/(-51) + (-22)/3. Let d be ((-5)/((-60)/z))/(4/(-30)). Suppose 6*b - b - d*m - 6960 = 0, -4*m - 2774 = -2*b. Is b prime?
False
Let k(b) = 6960*b + 111. Let l be k(32). Is l/49 - (-2 + (-54)/(-21)) composite?
False
Is 170/(-102)*(2 + (-7005 - -4)) a composite number?
True
Let o = -3195 - -5084. Is o prime?
True
Let g = -270688 + 1268361. Is g a composite number?
True
Let w = -4867 + 8517. Is -1 + -1 + (0 + w - 5) composite?
False
Let j = 28251 + 104816. Is j prime?
False
Let j = 216 + -372. Let w be 489 + (((-126)/(-15))/(-7))/(12/(-40)). Let q = j + w. Is q a composite number?
False
Let w(l) = 23233*l + 770. Is w(21) a composite number?
True
Let l be (-6)/2 + (11 - 3). Suppose -2*n - 3*n - l = 2*y, 13 = -n + 2*y. Let h(z) = -26*z + 7. Is h(n) a prime number?
False
Let m = 763 - -1203. Is m a prime number?
False
Let z = -901564 - -624024. Is z/(-25) - (28/(-20) - -2) a prime number?
False
Let c = -137441 + 260472. Is c prime?
True
Let b(g) = -27*g - 23 - 4*g**3 - 30*g**2 - 4 + 42. Is b(-12) a composite number?
True
Let q(n) = 179*n - 4 + 99*n**2 + 9 - 12 - 173*n. Let r(a) = -a**3 + 9*a**2 + 2*a - 12. Let d be r(9). Is q(d) composite?
False
Let h(d) = -d**2 + 12*d - 24. Let t(y) = -y**3 - 18*y**2 - 18*y - 8. Let w be t(-17). Let s be h(w). Suppose -5545 = -8*l + s*l. Is l prime?
True
Suppose 3*m + h = 98145, 295*h - 292*h - 163583 = -5*m. Is m composite?
False
Suppose 3*j - 1170234 = 3*d, 855335 = 3*j + 4*d - 314934. Is j a prime number?
True
Suppose 37*p - 1189926 - 1253393 = 82634. Is p a composite number?
True
Suppose 4*p + 3*p = 2*p. Suppose -2*z + 4*z - 1078 = p. Suppose -z - 2109 = -8*f. Is f prime?
True
Is 3197744/(-8)*((-33)/6 + 5) a prime number?
False
Suppose 52*o + 28451161 = 112*o + 103*o. Is o a prime number?
False
Suppose -4*y + 9294 = 2*l, 4*l - 18558 = 16*y - 18*y. Is l a prime number?
True
Let z(f) = 700*f**2 - f. Let l(k) = k**3 + 25*k**2 - 25*k + 30. Let y be l(-26). Suppose -5 = 3*j - x, y*j - 2*j + 12 = 5*x. Is z(j) a prime number?
True
Suppose -2*k + 2*y + 5534 = 0, -5*k + 13611 + 208 = -y. Suppose 22 = 3*p - 2*p - j, 2*p - 52 = -2*j. Suppose p*g - 21*g = k. Is g a composite number?
True
Suppose j - 3*w - 13455 = 19677, w + 165702 = 5*j. Is j composite?
True
Let x(y) = 40*y - 237. Let a be x(6). Suppose 4*p + 0*h - 4*h = 25712, a*p - 4*h - 19283 = 0. Is p prime?
False
Suppose 0 = 16*c - 10*c + 24. Is (0 - (-187911)/12) + 1/c composite?
True
Let w(m) = 2*m**2 - m + 4. Let y be w(13). Suppose -11*n + 3*b = -9*n - 125, -2*b - y = -5*n. Is n prime?
True
Let n = -193 - -193. Is n + 5883/(-1 - -4) a prime number?
False
Let q(y) = -161*y**3 + 39*y**2 + 257*y - 88. Is q(-9) a composite number?
False
Suppose 0 = 5*d - a - 12 - 12, -5*a = 2*d + 12. Is -15661*(15/5 - d) a composite number?
False
Let r(k) = k**2 + 3*k. Let h(z) = -444*z**2 - 10*z + 67. Let a(p) = -h(p) + 3*r(p). Is a(-9) composite?
False
Let r be ((-6)/(-12))/(2/(-20)) - 672. Let w = -268 - r. Is w a prime number?
True
Let r(q) = 1476*q**2 - 38*q + 895. Is r(26) composite?
True
Suppose -5*k = -k + 5*n - 3778, 0 = -4*k - 3*n + 3782. Suppose -3049 - k = -2*q. Is (1 - (-9)/(-15)) + q/30 composite?
False
Let m(i) = 2459*i**2 + 81*i - 9. Is m(-10) a composite number?
True
Suppose 2*k = -5*w - 234, 4*w - 76 = k + 41. Suppose 3*v = 5*y + 817, -1065 = 5*y - 2*v - 247. Let q = k - y. Is q composite?
False
Let s = -2930 + 4791. Let d = -742 + s. Is d a prime number?
False
Let n(u) = -8463*u**3 + u**2 + 4*u + 3. Let f be n(-1). Suppose 5*q = -4*s + 6784, -6*q = -5*s - 8*q + f. Is s a prime number?
False
Let w = 428328 - 257255. Suppose -43*c + 50*c - w = 0. Is c a prime number?
True
Let b = 1015 - -1531. Suppose -2*z - b = 3*v - 12767, -5*v + 4*z = -17035. Is v a prime number?
True
Let g = -49530 - -95267. Is g composite?
False
Let q = 355119 - 16724. Is q prime?
False
Let s = 59 + -63. Let d(z) = -2*z - 3. Let j be d(s). Suppose 0 = n - 5*m - 156, j*m + 287 = n + n. Is n a prime number?
True
Let s be (-63)/12*(-16)/(-12). Is -10219*1/(s/7) composite?
True
Let x = -100 + 104. Suppose -j + 1718 = x*s - 4166, 0 = -2*j. Is s composite?
False
Suppose 234*c = 449*c - 230*c + 2330535. Is c a prime number?
False
Is (0 - 107014/(-4))*(52 - 38) a prime number?
False
Suppose u = -y + 11, -33 = -3*u - 7*y + 3*y. Let a(t) = 25*t + 18. Is a(u) a prime number?
True
Let p be (-6 - (-560)/12)/((-2)/24). Let t = 920 + p. Suppose 3*g + b - 1216 = 0, 9*b - 4*b = g - t. Is g a prime number?
False
Suppose 34*d - 29*d - 4*p = 124645, 4*d + 5*p = 99716. Is d prime?
False
Let a(c) = 10*c - 1. Let k be a(1). Suppose k*s - 6*s = -67116. Is 2/(-10) + s/(-85) a prime number?
True
Let w = -5 - -45. Let b = 44 - w. Suppose -4*y + 3480 = 4*d, 3*y - y - 1750 = -b*d. Is y a prime number?
False
Let w(s) = 243*s**2 + s + 6. Let q(g) = -g**2. Let p(j) = 4*q(j) + w(j). Let o be p(-3). Suppose -3*z + 5*z + o = 4*l, -5*z - 516 = -l. Is l prime?
True
Let k(o) = 34*o - 49. Let h(i) = 10*i + 8. Let m(w) = -w - 1. Let y(t) = -h(t) - 12*m(t). Let p be y(2). Is k(p) composite?
False
Let a be 2 + 0 + -6 + -1324. Let u = a - -2215. Is u a prime number?
True
Let b be 2/14 + (41751/(-21) - 0). Let l be (-105)/10*(510 - -4). Let w = b - l. Is w a prime number?
False
Let t = 42 - 44. Let v be (2 - -20)*(-53)/t. Suppose -23*h = -24*h + v. Is h a prime number?
False
Let v = 266178 - -563843. Is v a composite number?
True
Let q(u) = 274*u**2 - 14*u + 4. Let w be q(6). Let o = w - 4894. Suppose 0 = -29*l + 23*l + o. Is l prime?
False
Let t(v) = 14*v**2 + 19*v - 47. Suppose -12*a + 8*a = -76. Let n be t(a). Suppose 4*d - n = -4*d. Is d composite?
True
Suppose 2*o + 6270 = 7*o. Let q be (3/(-9))/(1/411). Let l = q + o. Is l composite?
False
Let s(c) = 8833*c + 164. Is s(11) composite?
False
Let a be 143/44 + (-2)/8. Let d(t) = 512*t**2 - 13*t + 27. Let y be d(a). Suppose 0 = 4*q + 5*i - y, -2*q = -i - 3119 + 807. Is q composite?
True
Let b(m) = -m**3 - 3*m**2. Let l be b(-5). Suppose 8*q = 13*q - l. Let k(v) = -v**3 + 10*v**2 + 16*v - 11. Is k(q) a composite number?
False
Let h(i) = 14*i**2 + 39*i - 75. Let y(q) = 7*q**2 + 19*q - 38. Suppose 13 + 22 = 5*f. Let j(g) = f*y(g) - 3*h(g). Is j(11) a composite number?
True
Suppose -17*j = -l - 21*j + 3801, -2*j = 2*l - 7590. Is l a composite number?
False
Suppose 3*z + 3*a = 12, z = -8*a + 5*a + 8. Suppose -4*y - v + 3*v + 54524 = 0, 0 = z*y + 3*v - 27278. Is y a prime number?
True
Suppose 22*x - 60489 - 37213 = 0. Is (3 + x - (-1 - -1)) + -2 